{"id":8840,"date":"2014-12-14T16:22:42","date_gmt":"2014-12-14T15:22:42","guid":{"rendered":"https:\/\/www.profeline.de\/packaging\/"},"modified":"2023-08-13T12:56:03","modified_gmt":"2023-08-13T10:56:03","slug":"emballage","status":"publish","type":"page","link":"https:\/\/www.profeline.de\/fr\/emballage\/","title":{"rendered":"Emballage"},"content":{"rendered":"<div id=\"center\">\n<h4><span style=\"color: #c41d0f;\">Emballage et environnement<\/span><\/h4>\n<p>Profeline utilise des mat\u00e9riaux d&#8217;emballage haut de gamme.<\/p>\n<p>Ce faisant, nous contribuons \u00e9galement \u00e0 notre engagement envers l&rsquo;environnement.<br \/>\nNotre emballage est en grande partie compos\u00e9 de papier recycl\u00e9. Cela prot\u00e8ge l&rsquo;environnement.<\/p>\n<\/div>\n","protected":false},"excerpt":{"rendered":"<p>Emballage et environnement Profeline utilise des mat\u00e9riaux d&#8217;emballage haut de gamme. Ce faisant, nous contribuons \u00e9galement \u00e0 notre engagement envers l&rsquo;environnement. Notre emballage est en grande partie compos\u00e9 de papier recycl\u00e9. Cela prot\u00e8ge l&rsquo;environnement.<\/p>\n","protected":false},"author":4,"featured_media":0,"parent":0,"menu_order":12,"comment_status":"closed","ping_status":"closed","template":"","meta":{"footnotes":""},"class_list":["post-8840","page","type-page","status-publish","hentry"],"yoast_head":"<!-- This site is optimized with the Yoast SEO plugin v25.9 - https:\/\/yoast.com\/wordpress\/plugins\/seo\/ -->\n<title>Emballage - Profeline<\/title>\n<meta name=\"description\" content=\"Emballage et environnement Profeline utilise des mat\u00e9riaux d&#039;emballage haut de gamme. Ce faisant, nous contribuons \u00e9galement \u00e0 notre engagement envers\" \/>\n<meta name=\"robots\" content=\"index, follow, max-snippet:-1, max-image-preview:large, max-video-preview:-1\" \/>\n<link rel=\"canonical\" href=\"https:\/\/www.profeline.de\/verpackung\/\" \/>\n<meta property=\"og:locale\" content=\"fr_FR\" \/>\n<meta property=\"og:type\" content=\"article\" \/>\n<meta property=\"og:title\" content=\"Emballage - Profeline\" \/>\n<meta property=\"og:description\" content=\"Emballage et environnement Profeline utilise des mat\u00e9riaux d&#039;emballage haut de gamme. Ce faisant, nous contribuons \u00e9galement \u00e0 notre engagement envers\" \/>\n<meta property=\"og:url\" content=\"https:\/\/www.profeline.de\/verpackung\/\" \/>\n<meta property=\"og:site_name\" content=\"Profeline\" \/>\n<meta property=\"article:modified_time\" content=\"2023-08-13T10:56:03+00:00\" \/>\n<script type=\"application\/ld+json\" class=\"yoast-schema-graph\">{\"@context\":\"https:\/\/schema.org\",\"@graph\":[{\"@type\":\"WebPage\",\"@id\":\"https:\/\/www.profeline.de\/verpackung\/\",\"url\":\"https:\/\/www.profeline.de\/verpackung\/\",\"name\":\"Emballage - Profeline\",\"isPartOf\":{\"@id\":\"https:\/\/www.profeline.de\/#website\"},\"datePublished\":\"2014-12-14T15:22:42+00:00\",\"dateModified\":\"2023-08-13T10:56:03+00:00\",\"description\":\"Emballage et environnement Profeline utilise des mat\u00e9riaux d'emballage haut de gamme. Ce faisant, nous contribuons \u00e9galement \u00e0 notre engagement envers\",\"breadcrumb\":{\"@id\":\"https:\/\/www.profeline.de\/verpackung\/#breadcrumb\"},\"inLanguage\":\"fr-FR\",\"potentialAction\":[{\"@type\":\"ReadAction\",\"target\":[\"https:\/\/www.profeline.de\/verpackung\/\"]}]},{\"@type\":\"BreadcrumbList\",\"@id\":\"https:\/\/www.profeline.de\/verpackung\/#breadcrumb\",\"itemListElement\":[{\"@type\":\"ListItem\",\"position\":1,\"name\":\"Home\",\"item\":\"https:\/\/www.profeline.de\/fr\/\"},{\"@type\":\"ListItem\",\"position\":2,\"name\":\"Emballage\"}]},{\"@type\":\"WebSite\",\"@id\":\"https:\/\/www.profeline.de\/#website\",\"url\":\"https:\/\/www.profeline.de\/\",\"name\":\"Profeline\",\"description\":\"Katzen-Kratzbaum-System\",\"potentialAction\":[{\"@type\":\"SearchAction\",\"target\":{\"@type\":\"EntryPoint\",\"urlTemplate\":\"https:\/\/www.profeline.de\/?s={search_term_string}\"},\"query-input\":{\"@type\":\"PropertyValueSpecification\",\"valueRequired\":true,\"valueName\":\"search_term_string\"}}],\"inLanguage\":\"fr-FR\"}]}<\/script>\n<!-- \/ Yoast SEO plugin. -->","yoast_head_json":{"title":"Emballage - Profeline","description":"Emballage et environnement Profeline utilise des mat\u00e9riaux d'emballage haut de gamme. Ce faisant, nous contribuons \u00e9galement \u00e0 notre engagement envers","robots":{"index":"index","follow":"follow","max-snippet":"max-snippet:-1","max-image-preview":"max-image-preview:large","max-video-preview":"max-video-preview:-1"},"canonical":"https:\/\/www.profeline.de\/verpackung\/","og_locale":"fr_FR","og_type":"article","og_title":"Emballage - Profeline","og_description":"Emballage et environnement Profeline utilise des mat\u00e9riaux d'emballage haut de gamme. Ce faisant, nous contribuons \u00e9galement \u00e0 notre engagement envers","og_url":"https:\/\/www.profeline.de\/verpackung\/","og_site_name":"Profeline","article_modified_time":"2023-08-13T10:56:03+00:00","schema":{"@context":"https:\/\/schema.org","@graph":[{"@type":"WebPage","@id":"https:\/\/www.profeline.de\/verpackung\/","url":"https:\/\/www.profeline.de\/verpackung\/","name":"Emballage - Profeline","isPartOf":{"@id":"https:\/\/www.profeline.de\/#website"},"datePublished":"2014-12-14T15:22:42+00:00","dateModified":"2023-08-13T10:56:03+00:00","description":"Emballage et environnement Profeline utilise des mat\u00e9riaux d'emballage haut de gamme. Ce faisant, nous contribuons \u00e9galement \u00e0 notre engagement envers","breadcrumb":{"@id":"https:\/\/www.profeline.de\/verpackung\/#breadcrumb"},"inLanguage":"fr-FR","potentialAction":[{"@type":"ReadAction","target":["https:\/\/www.profeline.de\/verpackung\/"]}]},{"@type":"BreadcrumbList","@id":"https:\/\/www.profeline.de\/verpackung\/#breadcrumb","itemListElement":[{"@type":"ListItem","position":1,"name":"Home","item":"https:\/\/www.profeline.de\/fr\/"},{"@type":"ListItem","position":2,"name":"Emballage"}]},{"@type":"WebSite","@id":"https:\/\/www.profeline.de\/#website","url":"https:\/\/www.profeline.de\/","name":"Profeline","description":"Katzen-Kratzbaum-System","potentialAction":[{"@type":"SearchAction","target":{"@type":"EntryPoint","urlTemplate":"https:\/\/www.profeline.de\/?s={search_term_string}"},"query-input":{"@type":"PropertyValueSpecification","valueRequired":true,"valueName":"search_term_string"}}],"inLanguage":"fr-FR"}]}},"_links":{"self":[{"href":"https:\/\/www.profeline.de\/fr\/wp-json\/wp\/v2\/pages\/8840","targetHints":{"allow":["GET"]}}],"collection":[{"href":"https:\/\/www.profeline.de\/fr\/wp-json\/wp\/v2\/pages"}],"about":[{"href":"https:\/\/www.profeline.de\/fr\/wp-json\/wp\/v2\/types\/page"}],"author":[{"embeddable":true,"href":"https:\/\/www.profeline.de\/fr\/wp-json\/wp\/v2\/users\/4"}],"replies":[{"embeddable":true,"href":"https:\/\/www.profeline.de\/fr\/wp-json\/wp\/v2\/comments?post=8840"}],"version-history":[{"count":2,"href":"https:\/\/www.profeline.de\/fr\/wp-json\/wp\/v2\/pages\/8840\/revisions"}],"predecessor-version":[{"id":8841,"href":"https:\/\/www.profeline.de\/fr\/wp-json\/wp\/v2\/pages\/8840\/revisions\/8841"}],"wp:attachment":[{"href":"https:\/\/www.profeline.de\/fr\/wp-json\/wp\/v2\/media?parent=8840"}],"curies":[{"name":"wp","href":"https:\/\/api.w.org\/{rel}","templated":true}]}}

<div id="center">
<h4><span style="color: #c41d0f;">Emballage et environnement</span></h4>
<p>Profeline utilise des matériaux d&#8217;emballage haut de gamme.</p>
<p>Ce faisant, nous contribuons également à notre engagement envers l&rsquo;environnement.<br />
Notre emballage est en grande partie composé de papier recyclé. Cela protège l&rsquo;environnement.</p>
</div>

<p>Emballage et environnement Profeline utilise des matériaux d&#8217;emballage haut de gamme. Ce faisant, nous contribuons également à notre engagement envers l&rsquo;environnement. Notre emballage est en grande partie composé de papier recyclé. Cela protège l&rsquo;environnement.</p>

<!-- This site is optimized with the Yoast SEO plugin v25.9 - https://yoast.com/wordpress/plugins/seo/ -->
<title>Emballage - Profeline</title>
<meta name="description" content="Emballage et environnement Profeline utilise des matériaux d&#039;emballage haut de gamme. Ce faisant, nous contribuons également à notre engagement envers" />
<meta name="robots" content="index, follow, max-snippet:-1, max-image-preview:large, max-video-preview:-1" />
<link rel="canonical" href="https://www.profeline.de/verpackung/" />
<meta property="og:locale" content="fr_FR" />
<meta property="og:type" content="article" />
<meta property="og:title" content="Emballage - Profeline" />
<meta property="og:description" content="Emballage et environnement Profeline utilise des matériaux d&#039;emballage haut de gamme. Ce faisant, nous contribuons également à notre engagement envers" />
<meta property="og:url" content="https://www.profeline.de/verpackung/" />
<meta property="og:site_name" content="Profeline" />
<meta property="article:modified_time" content="2023-08-13T10:56:03+00:00" />
<script type="application/ld+json" class="yoast-schema-graph">{"@context":"https://schema.org","@graph":[{"@type":"WebPage","@id":"https://www.profeline.de/verpackung/","url":"https://www.profeline.de/verpackung/","name":"Emballage - Profeline","isPartOf":{"@id":"https://www.profeline.de/#website"},"datePublished":"2014-12-14T15:22:42+00:00","dateModified":"2023-08-13T10:56:03+00:00","description":"Emballage et environnement Profeline utilise des matériaux d'emballage haut de gamme. Ce faisant, nous contribuons également à notre engagement envers","breadcrumb":{"@id":"https://www.profeline.de/verpackung/#breadcrumb"},"inLanguage":"fr-FR","potentialAction":[{"@type":"ReadAction","target":["https://www.profeline.de/verpackung/"]}]},{"@type":"BreadcrumbList","@id":"https://www.profeline.de/verpackung/#breadcrumb","itemListElement":[{"@type":"ListItem","position":1,"name":"Home","item":"https://www.profeline.de/fr/"},{"@type":"ListItem","position":2,"name":"Emballage"}]},{"@type":"WebSite","@id":"https://www.profeline.de/#website","url":"https://www.profeline.de/","name":"Profeline","description":"Katzen-Kratzbaum-System","potentialAction":[{"@type":"SearchAction","target":{"@type":"EntryPoint","urlTemplate":"https://www.profeline.de/?s={search_term_string}"},"query-input":{"@type":"PropertyValueSpecification","valueRequired":true,"valueName":"search_term_string"}}],"inLanguage":"fr-FR"}]}</script>
<!-- / Yoast SEO plugin. -->

Emballage et environnement Profeline utilise des matériaux d'emballage haut de gamme. Ce faisant, nous contribuons également à notre engagement envers
